6121?
1
What is the units digit of 1709496?
6
What is the hundreds digit of 331277?
2
What is the tens digit of 29952773?
7
What is the tens digit of 95690?
9
What is the millions digit of 7164587?
7
What is the tens digit of 107670?
7
What is the hundred thousands digit of 2136904?
1
What is the units digit of 262952?
2
What is the hundreds digit of 101926?
9
What is the thousands digit of 7430812?
0
What is the thousands digit of 855964?
5
What is the millions digit of 1156181?
1
What is the hundreds digit of 266902?
9
What is the tens digit of 14658334?
3
What is the thousands digit of 26536413?
6
What is the tens digit of 807955?
5
What is the units digit of 1702727?
7
What is the ten thousands digit of 113504?
1
What is the units digit of 10662663?
3
What is the thousands digit of 169122?
9
What is the thousands digit of 2540307?
0
What is the ten thousands digit of 1461322?
6
What is the millions digit of 8313610?
8
What is the ten thousands digit of 50345?
5
What is the tens digit of 302584?
8
What is the thousands digit of 12652467?
2
What is the hundreds digit of 932693?
6
What is the units digit of 3067194?
4
What is the hundred thousands digit of 2470711?
4
What is the units digit of 51030?
0
What is the units digit of 1231521?
1
What is the units digit of 514142?
2
What is the millions digit of 3050686?
3
What is the ten thousands digit of 212910?
1
What is the hundred thousands digit of 205199?
2
What is the hundred thousands digit of 393309?
3
What is the units digit of 18623?
3
What is the tens digit of 28495377?
7
What is the thousands digit of 5250114?
0
What is the tens digit of 507563?
6
What is the units digit of 648516?
6
What is the thousands digit of 1885842?
5
What is the thousands digit of 249706?
9
What is the millions digit of 1216929?
1
What is the hundreds digit of 7971040?
0
What is the units digit of 149130?
0
What is the tens digit of 1095678?
7
What is the thousands digit of 14295761?
5
What is the hundred thousands digit of 160724?
1
What is the thousands digit of 25388?
5
What is the thousands digit of 44852?
4
What is the ten thousands digit of 15890294?
9
What is the thousands digit of 2947423?
7
What is the ten thousands digit of 5437435?
3
What is the tens digit of 429180?
8
What is the millions digit of 5174403?
5
What is the thousands digit of 8856109?
6
What is the units digit of 365505?
5
What is the units digit of 13107861?
1
What is the millions digit of 30419821?
0
What is the hundreds digit of 8487281?
2
What is the units digit of 1617387?
7
What is the ten thousands digit of 2379133?
7
What is the hundreds digit of 418246?
2
What is the tens digit of 2951742?
4
What is the hundreds digit of 2975460?
4
What is the hundreds digit of 18982588?
5
What is the thousands digit of 20637916?
7
What is the thousands digit of 741476?
1
What is the tens digit of 21256417?
1
What is the units digit of 241438?
8
What is the tens digit of 249291?
9
What is the hundred thousands digit of 1501904?
5
What is the thousands digit of 458570?
8
What is the thousands digit of 1326164?
6
What is the ten thousands digit of 599371?
9
What is the tens digit of 15638460?
6
What is the millions digit of 5939133?
5
What is the thousands digit of 4509313?
9
What is the hundred thousands digit of 781142?
7
What is the units digit of 76488?
8
What is the units digit of 18962229?
9
What is the millions digit of 2186024?
2
What is the tens digit of 11967788?
8
What is the hundreds digit of 185283?
2
What is the units digit of 1095558?
8
What is the thousands digit of 51456?
1
What is the units digit of 897493?
3
What is the hundreds digit of 17206615?
6
What is the ten thousands digit of 825515?
2
What is the hundreds digit of 14467281?
2
What is the hundreds digit of 334443?
4
What is the ten thousands digit of 277070?
7
What is the hundreds digit of 79119?
1
What is the units digit of 246368?
8
What is the tens digit of 46477?
7
What is the ten thousands digit of 32192164?
9
What is the thousands digit of 846033?
6
What is the thousands digit of 917524?
7
What is the tens digit of 51986?
8
What is the ten thousands digit of 2152895?
5
What is the hundred thousands digit of 5735526?
7
What is the tens digit of 814880?
8
What is the millions digit of 3720316?
3
What is the ten millions digit of 37464595?
3
What is the millions digit of 3277545?
3
What is the tens digit of 20839294?
9
What is the ten thousands digit of 3781893?
8
What is the hundred thousands digit of 848772?
8
What is the thousands digit of 8918263?
8
What is the tens digit of 14120845?
4
What is the units digit of 3498929?
9
What is the thousands digit of 51809?
1
What is the thousands digit of 443030?
3
What is the millions digit of 2031317?
2
What is the thousands digit of 3490130?
0
What is the millions digit of 9938747?
9
What is the hundreds digit of 1710374?
3
What is the tens digit of 20727507?
0
What is the hundreds digit of 377893?
8
What is the ten thousands digit of 82981?
8
What is the units digit of 8243742?
2
What is the hundred thousands digit of 9692396?
6
What is the hundreds digit of 126147?
1
What is the units digit of 363562?
2
What is the thousands digit of 15457426?
7
What is the millions digit of 3907880?
3
What is the tens digit of 8711562?
6
What is the hundreds digit of 4760?
7
What is the hundred thousands digit of 3850873?
8
What is the hundred thousands digit of 11239010?
2
What is the hundred thousands digit of 2107686?
1
What is the units digit of 624195?
5
What is the ten thousands digit of 896448?
9
What is the hundreds digit of 7044925?
9
What is the millions digit of 1887941?
1
What is the thousands digit of 1430265?
0
What is the units digit of 2451903?
3
What is the hundreds digit of 122051?
0
What is the tens digit of 275201?
0
What is the hundreds digit of 200906?
9
What is the ten thousands digit of 276960?
7
What is the ten thousands digit of 23284?
2
What is the thousands digit of 70366?
0
What is the hundred thousands digit of 1301381?
3
What is the thousands digit of 248088?
8
What is the millions digit of 1026359?
1
What is the hundreds digit of 162992?
9
What is the units digit of 10556719?
9
What is the ten thousands digit of 7170042?
7
What is the tens digit of 6985873?
7
What is the hundred thousands digit of 2482167?
4
What is the hundred thousands digit of 2285779?
2
What is the hundred thousands digit of 2222136?
2
What is the tens digit of 729024?
2
What is the hundreds digit of 8304140?
1
What is the hundreds digit of 179753?
7
What is the units digit of 4776771?
1
What is the ten thousands digit of 2844425?
4
What is the millions digit of 5576053?
5
What is the thousands digit of 16687388?
7
What is the hundreds digit of 372532?
5
What is the thousands digit of 5011922?
1
What is the units digit of 5069539?
9
What is the tens digit of 15851347?
4
What is the hundreds digit of 2848673?
6
What is the hundred thousands digit of 1262357?
2
What is the ten thousands digit of 304276?
0
What is the hundreds digit of 253525?
5
What is the ten thousands digit of 6218317?
1
What is the ten thousands digit of 472443?
7
What is the thousands digit of 1420419?
0
What is the hundred thousands digit of 279550?
2
What is the hundreds digit of 22773289?
2
What is the hundred thousands digit of 3336596?
3
What is the hundreds digit of 909553?
5
What is the ten thousands digit of 1283782?
8
What is the hundred thousands digit of 5506980?
5
What is the tens digit of 67330?
3
What is the tens digit of 5646018?
1
What is the tens digit of 8329394?
9
What is the hundreds digit of 2135348?
3
What is the units digit of 8490161?
1
What is the hundred thousands digit of 296434?
2
What is the thousands digit of 3111867?
1
What is the units digit of 4654101?
1
What is the hundreds digit of 8882530?
5
What is the tens digit of 490994?
9
What is the thousands digit of 668463?
8
What is the hundred thousands digit of 408894?
4
What is the thousands digit of 2443285?
3
What is the hundred thousands digit of 764688?
7
What is the tens digit of 1713713?
1
What is the ten millions digit of 13504521?
1
What is the thousands digit of 223081?
3
What is the hundred thousands digit of 1097599?
0
What is the thousands digit of 69632?
9
What is t